j**2 + 32*j + 86. What is the thousands digit of k(34)?
1
Let i = 440 - 451. Let b(x) = 8*x**2 + 10*x + 30. What is the tens digit of b(i)?
8
Suppose 2*f - 10 = 2*w, 0 = 3*w - 0*w - 5*f + 21. Let p(k) = -3*k**2 - 3 - 17*k**3 - k + k**2 + 15*k**3. What is the units digit of p(w)?
7
Let d(c) = -22*c + 70. Let x be d(3). Suppose -859 = -j + 5*u, -3*j + x*u + 2629 = 2*u. What is the units digit of j?
9
Let v = -1732 + 3630. Suppose -5*n - 373 = 5*z - v, 3*z = -15. Suppose -5*f + n = -0*f. What is the tens digit of f?
6
Let d = 20 + -13. Let v(n) = n**3 - 7*n**2 + 2*n + 7. Let q be v(d). Suppose -z = -q - 70. What is the units digit of z?
1
Let c be 2 + 6/(-2) + 7. Suppose -2*k + 38 = -0*r + 4*r, 0 = 2*k - c. Suppose 4*i + 440 = r*i. What is the units digit of i?
0
Let n(c) be the first derivative of -c**3/3 + 45*c**2 - 33*c + 175. What is the units digit of n(29)?
6
Let p = 11224 + -9666. What is the thousands digit of p?
1
Suppose -2*z - 15 = -4*z - 3*y, -4*y + 20 = -2*z. Suppose z*b - 15 = -5*b. Suppose 2*t - a + b*a = 150, -4*t + 303 = 3*a. What is the units digit of t?
8
Let c(q) = 23 + 35*q - 12 - 15 + 10*q. Let z be c(8). Suppose 4*a - 364 = l - 4*l, -4*a = l - z. What is the units digit of a?
8
Let k = 25 + -48. Suppose 25 = -6*t + 7*t - f, -5*f + 10 = 0. Let u = t + k. What is the units digit of u?
4
Let s(i) = i**3 - i**2 + i + 206. Let p be s(0). Suppose -303*n + 293*n = -3940. Let v = n - p. What is the hundreds digit of v?
1
Let i = -1980 - -3662. What is the thousands digit of i?
1
Suppose 25 = -3*g - 3*j + j, 4*g + 3*j = -32. Let m(p) = -80*p - 62. What is the hundreds digit of m(g)?
8
Suppose 0 = -9*x - 4246 + 405457. What is the thousands digit of x?
4
Let z(q) = -170*q - 560. What is the thousands digit of z(-32)?
4
Let w = -286 + 297. Let g(x) = -x**3 + 17*x**2 + 6*x + 5. What is the units digit of g(w)?
7
Suppose 21860 - 8350 + 9850 = 10*c. What is the hundreds digit of c?
3
Let m = -9522 - -21555. What is the thousands digit of (4/6)/(7/m)?
1
Let l = -3072 + 10021. What is the tens digit of l?
4
Let z = -436 - -282. What is the units digit of (-3 + 1)*62601/z?
3
Let c(h) = 2*h - 11*h + 17 - 100. Let x(y) = 2*y**3 + 2*y**2 + 10. Let g be x(-3). What is the tens digit of c(g)?
5
Suppose -777 = 25*p - 28*p. What is the tens digit of (-3)/(-4) + (6 - p/(-28))?
1
Let j be ((0 - -86) + 1)*(-6)/9. Let f = j - 1. Let g = 106 + f. What is the tens digit of g?
4
Let d be 10/40 + 0 + (-45)/(-12). Suppose d*t - 2*t - 1120 = 0. What is the hundreds digit of t?
5
What is the thousands digit of (2 - (3 - -3700))*-1?
3
Suppose -4*p - 2*i + 152 = 0, 0 = -3*p + 3*i - 7*i + 109. Suppose 0 = -p*y + 12063 + 5643. What is the tens digit of y?
5
What is the tens digit of 25350/(-26)*((-400)/24 + 2)?
0
Let o be (-6)/21 + 2/7 + 754. Suppose o + 326 = 4*i. What is the hundreds digit of i?
2
Let n be ((-6)/42 - (-44)/14) + -1. Suppose n*m + 560 = 2*c, m + 3 = 7. What is the hundreds digit of c?
2
Let z = 40464 + -8994. What is the hundreds digit of z?
4
Let c = 40 - 277. Let i = 180 - c. What is the tens digit of i?
1
Let q(y) be the third derivative of 7*y**4/12 + y**3/2 - 2*y**2. Let c(r) = -54*r + 385. Let d be c(7). What is the tens digit of q(d)?
0
Let w = -5774 + 9026. What is the units digit of w?
2
Let u(o) = -844*o**3 + 9*o + 9. Let z be u(-1). Let y = z - 583. What is the tens digit of y?
6
Let c(p) = -9*p + 2. Let l be c(2). Let d be (-29460)/(-24)*l/(-10). What is the tens digit of ((-4)/10 - d/40)*-2?
9
Let q = -221 + 89. Suppose -3*m - 2*h = -811, 0*m + 2*h - 1345 = -5*m. Let f = m + q. What is the tens digit of f?
3
Let o(c) = -3*c - 7*c - 1 + 2*c + 2. Let a(t) = t**2 + 17*t + 22. Let d be a(-15). What is the tens digit of o(d)?
6
Let s = 6824 + -3704. What is the tens digit of (s/(-50))/(-2 + (-136)/(-70))?
9
Let o(m) = -m**3 - 2*m**2 - 5*m + 20. Let j be o(-6). Let s = j + -118. What is the tens digit of s?
7
Suppose -13*k - 25175 + 499636 = 0. What is the ten thousands digit of k?
3
Let z(j) be the second derivative of j**5/20 + 19*j**4/12 - j**3/6 + 3*j**2 - 11*j. Let f be z(-19). Suppose 330 = f*l - 20*l. What is the tens digit of l?
6
Let x(t) = 2*t**2 - 11*t + 10. Let s be x(5). Suppose 2050 = s*c + 485. What is the tens digit of c?
1
Let u(k) = 2*k**2 + 1. Let f be u(-2). Suppose f*y - 3872 = 1807. What is the units digit of y?
1
Let c(p) = -628*p - 3413. What is the thousands digit of c(-23)?
1
Suppose n = -m + 8108, 206*m - 32446 = 202*m - 2*n. What is the thousands digit of m?
8
Suppose -15*d = -11*d + 12, 3*o = 5*d + 27255. What is the tens digit of o?
8
Suppose -92*x + 178*x = 87*x + 64. Suppose 0*z - 64 = -2*z. What is the units digit of (-1 + -37 + 1)/(z/x)?
4
Suppose -12*u - 2133 = 3123. Let c = u - -931. What is the tens digit of c?
9
What is the units digit of ((-150024)/141)/(2/(-4))?
8
Suppose -2*z = -3*y - 37487, 0 = -2*z - 282*y + 286*y + 37488. What is the tens digit of z?
4
Suppose 392 = 4*z + 3*z. Let h be 21/z + 3/(-8). Suppose 3*v + 131 - 392 = h. What is the units digit of v?
7
Let r(c) = -4 - 40*c**2 + 13 + 39*c**2 - 6*c. Let h be r(-7). What is the tens digit of (1232/(-42))/(h/(-3))?
4
Let q(d) = 106*d - 1. Let u be q(1). Let c = 105 - u. Suppose 3*t - 179 - 25 = c. What is the tens digit of t?
6
Suppose 5*p + 4*o = 1006, 2*o - 206 = -4*p + 3*p. Let c = 197 + p. What is the units digit of c?
5
What is the units digit of 502/(((-1)/5)/((-4)/20))?
2
What is the tens digit of (-1)/((-16)/164*-1*6/(-1128))?
2
Suppose 16*a - 34 = 15*a. Suppose -5*m = -a - 1. Suppose -621 = -m*b - 2*b. What is the units digit of b?
9
Suppose 0 = -3*f - f + 32, -4*k = -4*f - 84488. What is the hundreds digit of k?
1
Let v(m) = 4*m + 3. Let n be v(-2). Let y be -2 + ((-5)/(-2))/(n/(-1490)). Suppose -6*p - 95 = -y. What is the hundreds digit of p?
1
Suppose 0 = -4*i + 2*i + 8, 9306 = 2*o - 4*i. What is the tens digit of o?
6
Let a(h) = 48*h + 39. Let m(z) = -48*z - 40. Let x(u) = -5*a(u) - 4*m(u). Let t be x(5). Let b = -139 - t. What is the units digit of b?
6
Let j(p) = -1. Let s(h) = 5*h + 15. Let r(b) = 28*j(b) - 4*s(b). What is the tens digit of r(-21)?
3
Let h(w) = 2*w - 2. Let a be h(7). Suppose 2*q - 2*r = 34, -8 = 5*r + a. Suppose 0 = q*b - 16*b + 603. What is the tens digit of b?
0
Let c(r) = r**2 + 8*r + 17. Let d be c(-5). Suppose 0 = -t + 3*q + d*q - 6, -5*q - 8 = -2*t. What is the units digit of t?
4
Let x = 15249 + -11369. What is the thousands digit of x?
3
Let a = -18 - -18. Suppose a = -4*b - 5*x - 21, 3*b = -5*x - 10 - 2. What is the tens digit of (0 - -4) + (b/3 - -48)?
4
What is the tens digit of 2*-2514*3/9*-4?
0
Let f(h) = h**3 - 14*h**2 + 3*h + 3. Let n be f(14). Let m = n + -45. Suppose -q + 5*q - 4 = m. What is the units digit of q?
1
Suppose 7854 = -27*o + 30*o. Suppose 5*v - o = -673. Suppose 0 = -6*n + 235 + v. What is the units digit of n?
4
Suppose 0 = 5*d - 2*g - 21, -4*d + 3*g + 24 = -g. Suppose d*a + 2*k + 3*k = 21, 0 = -2*a - k + 7. Suppose 972 = a*p + 4*p. What is the units digit of p?
2
Let x be (-4)/20 + 180/25. Suppose -1278 = -x*g + 1277. What is the tens digit of g?
6
Let h = -161 - -38. Let w = 432 + h. What is the units digit of w?
9
Let l = -2942 - -16741. What is the ten thousands digit of l?
1
Let u be (-14)/(-3)*(-99)/44 - (-55)/(-22). Let z(x) be the second derivative of -x**3/2 - 9*x**2 - x. What is the units digit of z(u)?
1
Suppose -10*s = -2*s - 40. Let a be 355/25 - 1/s*1. What is the tens digit of 1 - (-2 - a*20/8)?
3
Suppose 29*x - 25*x - 3424 = 0. Suppose -5*u = 3*s - x, -3*s + 5*u = 6*u - 836. What is the tens digit of s?
7
Let d be 6*((-1)/(-3) - (-6 - -6)). Suppose -3*x - 852 = -5*x + 2*t, d*x + 3*t - 832 = 0. What is the tens digit of x?
2
Suppose 8*f = 12*f + 248. Let o be f/(-8) + (-9)/12. What is the tens digit of (o + -4)*(4 + 13)?
5
Let j be (-4)/5 + 618/10. Suppose -j = z + 29. What is the tens digit of (-3728)/(-60) + 12/z?
6
Suppose -2*g + 24813 = -110*s + 113*s, 2*g - 2*s = 24808. What is the units digit of g?
5
Let c = -71 + 110. Let s = 39 - c. Suppose -m + 23 = -s*m. What is the units digit of m?
3
What is the hundreds digit of (-325525)/(-29) - 4/(1 + -5)?
2
Suppose 5*u = -4*b + 561, -675 = 3*b - 8*b - u. Let m = 158 + b. What is the units digit of m?
2
Let 